11, what is a + -26?
-17
In base 6, what is -15114 + 5?
-15105
In base 13, what is 4 + -81?
-7a
In base 4, what is -1 + -23231?
-23232
In base 5, what is 1 + -3?
-2
In base 2, what is -1 - 100111?
-101000
In base 9, what is -1435 + -10?
-1445
In base 3, what is 202102 - -2?
202111
In base 12, what is -2 + 3020?
301a
In base 8, what is 21 + 21?
42
In base 15, what is -51 - 5?
-56
In base 8, what is -5 - 651?
-656
In base 6, what is 11 + -13?
-2
In base 16, what is a9c - -4?
aa0
In base 6, what is -3 - 30?
-33
In base 13, what is 3cc + -4?
3c8
In base 6, what is 3 - 540?
-533
In base 16, what is d7 + 5?
dc
In base 5, what is 1 - -123204?
123210
In base 13, what is -392 - 4?
-396
In base 3, what is 211 + -1002?
-21
In base 5, what is -10330 - -14?
-10311
In base 9, what is 0 - -46?
46
In base 16, what is -2 + -125b?
-125d
In base 13, what is -1 + -2960?
-2961
In base 11, what is 2 + 48?
4a
In base 6, what is 2 + 1121?
1123
In base 11, what is -3 - 4?
-7
In base 14, what is 1c - 406?
-3c8
In base 8, what is -22064 - 0?
-22064
In base 10, what is 0 + 134?
134
In base 2, what is -110 - 110110110?
-110111100
In base 13, what is -18 - 28?
-43
In base 9, what is 1 + 6318?
6320
In base 11, what is 2 + 322?
324
In base 7, what is -5 - 40?
-45
In base 2, what is -100011000 + 1?
-100010111
In base 9, what is 43 - -3?
46
In base 2, what is -11100001 + 10101?
-11001100
In base 16, what is 2 - -57?
59
In base 15, what is -1 + cc?
cb
In base 9, what is 10 - -66?
76
In base 15, what is -b - -ab?
a0
In base 6, what is -3 - 153?
-200
In base 13, what is a2 - -3?
a5
In base 10, what is 0 + -1?
-1
In base 7, what is 20 - 2?
15
In base 13, what is -13 - -3?
-10
In base 13, what is -1 + -207a?
-207b
In base 10, what is 4374 - -2?
4376
In base 5, what is 21114 + 3?
21122
In base 9, what is -87 + 3?
-84
In base 4, what is -1 + 2212?
2211
In base 6, what is -2210 + -15?
-2225
In base 4, what is 32 - 12?
20
In base 4, what is -1 + -1322?
-1323
In base 3, what is -2200 - 1010?
-10210
In base 12, what is 115 - 2?
113
In base 8, what is 13 - -163?
176
In base 9, what is -801 - 1?
-802
In base 8, what is 4 - 477?
-473
In base 10, what is -9 + -1332?
-1341
In base 12, what is -3288 - 5?
-3291
In base 5, what is 2 + 100?
102
In base 10, what is 0 - -235?
235
In base 15, what is -32 + -12?
-44
In base 15, what is -37 + -2?
-39
In base 15, what is 68 + -2b?
3c
In base 3, what is -1120 - -10012?
1122
In base 3, what is 201221 - -11?
202002
In base 16, what is -3 + -54?
-57
In base 10, what is -1198 + -2?
-1200
In base 4, what is 101202 - -11?
101213
In base 6, what is -52 + 11?
-41
In base 9, what is 0 + -73?
-73
In base 5, what is 40010 + -20?
34440
In base 14, what is 4 - 55a?
-556
In base 15, what is -2a - -10?
-1a
In base 5, what is -1011 - -42?
-414
In base 2, what is -100 - -100000?
11100
In base 12, what is 48 - -15?
61
In base 11, what is 3854 + 2?
3856
In base 13, what is c - -374?
383
In base 7, what is 14 - -20?
34
In base 9, what is 0 - -517?
517
In base 11, what is -2 + 0?
-2
In base 11, what is -114a - 1?
-1150
In base 6, what is -4 + -5?
-13
In base 3, what is 1002 + -111?
121
In base 16, what is 5 - 1037?
-1032
In base 4, what is -2020201 - 0?
-2020201
In base 3, what is -11 + 201?
120
In base 10, what is 4 - -11?
15
In base 12, what is -6b1 - 5?
-6b6
In base 11, what is 0 - 62?
-62
In base 16, what is 0 + 395?
395
In base 4, what is 222 - 112?
110
In base 3, what is -2 - 1012?
-1021
In base 13, what is -b5 - 0?
-b5
In base 5, what is 310 + -104?
201
In base 14, what is -3 + 1?
-2
In base 14, what is -197 + 1a?
-17b
In base 14, what is -54 + -3?
-57
In base 8, what is -2047 + 62?
-1765
In base 15, what is -47 + 3?
-44
In base 2, what is 100 + -100101110?
-100101010
In base 7, what is 4 + 125?
132
In base 9, what is 425 - 1?
424
In base 7, what is -62 + -54?
-146
In base 14, what is 313 + -5?
30c
In base 2, what is -11110111011 - 10?
-11110111101
In base 14, what is -28b3 + 3?
-28b0
In base 9, what is 27 + 10?
37
In base 10, what is 1 + -697?
-696
In base 4, what is -330 - 102?
-1032
In base 4, what is 321 - -1213?
2200
In base 13, what is 13 + -a?
6
In base 4, what is 2333 - -11?
3010
In base 2, what is -10100 - 100100111?
-100111011
In base 7, what is -5 - -12113?
12105
In base 15, what is 213 - 2?
211
In base 12, what is -a + -113?
-121
In base 2, what is 1111000110 - -11?
1111001001
In base 3, what is -11 + -12111?
-12122
In base 13, what is 1 - -609?
60a
In base 6, what is -1 - -300?
255
In base 8, what is 4 - 352?
-346
In base 6, what is 335 - 11?
324
In base 6, what is 12150 - 5?
12141
In base 13, what is -a + 8?
-2
In base 8, what is -120 - -2?
-116
In base 14, what is 1c - -5?
23
In base 6, what is 3312 + 3?
3315
In base 11, what is -1330 + -4?
-1334
In base 12, what is 38 + 1a8?
224
In base 15, what is -9a + -4?
-9e
In base 3, what is 11 - 21012?
-21001
In base 15, what is 0 - 9e1?
-9e1
In base 3, what is -210020 - 1?
-210021
In base 9, what is -2 + -20?
-22
In base 6, what is -5 - 342?
-351
In base 15, what is -12 - -1d?
b
In base 2, what is 101 + 10110?
11011
In base 7, what is -2011 + -13?
-2024
In base 14, what is -314a + 3?
-3147
In base 12, what is 34 + 11b?
153
In base 7, what is -1 - 216?
-220
In base 5, what is 3 - 244?
-241
In base 9, what is -224 - -4?
-220
In base 12, what is -1 - 31?
-32
In base 10, what is -5 + 67?
62
In base 16, what is -4ac + 1?
-4ab
In base 9, what is 2 + -1143?
-1141
In base 11, what is -354 + 2?
-352
In base 9, what is 5 + 6?
12
In base 4, what is -3323 + 0?
-3323
In base 12, what is 1 - 5a7?
-5a6
In base 6, what is 135 + 302?
441
In base 3, what is -12 + -1122102?
-1122121
In base 6, what is -5 - 32510?
-32515
In base 3, what is -1 - 222220?
-222221
In base 16, what is -4 - 3c5?
-3c9
In base 8, what is -14 + 6303?
6267
In base 16, what is -1379 + 2?
-1377
In base 9, what is 3 + -1670?
-1666
In base 10, what is 4 + 6390?
6394
In base 2, what is -10101 - -1110?
-111
In base 16, what is -6 + 2c?
26
In base 5, what is 2 + -243?
-241
In base 6, what is 2 - 1245?
-1243
In base 2, what is 1001101110 - 0?
1001101110
In base 13, what is 0 - 4?
-4
In base 4, what is -22 + -31?
-113
In base 6, what is 2 - -21?
23
In base 11, what is -a + -11?
-20
In base 7, what is 112 + 211?
323
In base 5, what is 11014 + -10?
11004
In base 9, what is 2418 - 5?
2413
In base 2, what is 101 + -1010010?
-1001101
In base 8, what is 1 + -22?
-21
In base 14, what is 120 - 3?
11b
In base 2, what is -11 + 1000101110?
1000101011
In base 2, what is -10000 - 100010000100?
-100010010100
In base 5, what is -112114 + -10?
-112124
In base 8, what is 275 + -2?
273
In base 8, what is -12315 - 1?
-12316
In base 5, what is 1234 - -2?
1241
In base 14, what is -dc + -107?
-205
In base 8, what is 1 - 10326?
-10325
In base 4, what is 2 + -320?
-312
In base 13, what is -5 - 9a?
-a2
In base 13, what is -34 + 360?
329
In base 14, what is -3 - -1490?
148b
In base 14, what is -aa + -5?
-b1
In base 14, what is -17 - 4?
-1b
In base 6, what is -3 - -2150?
2143
In base 12, what is 8b83 - 3?
8b80
In base 15, what is -73 - d?
-81
In base 10, what is -2 + 19?
17
In base 14, what is -c57 + 4?
-c53
In base 2, what is -10000011110110 - 10?
-10000011111000
In base 4, what is -21332 - 2?
-22000
In base 16, what is -2 - -565?
563
In base 13, what is 1c - -11?
30
In base 3, what is 202 - 200222?
-200020
In base 7, what is 300 + -102?
165
In base 4, what is -102020 - -21?
-101333
In base 11, what is -123a + 1?
-1239
In base 6, what is -3 + -202?
-205
In base 11, what is -2 - -3384?
3382
In base 6, what is -1225 + -1?
-1230
In base 9, what is 2 + 8145?
8147
In base 5, what is 10 + 41?
101
In base 15, what is -271 - 3?
-274
In base 7, what is -46 - -11?
-35
In base 6, what is -1 + 25?
24
In base 12, what is -15 - 251?
-266
In base 15, what is -1515 + 1?
-1514
In base 3, what is -22 + 102?
10
In base 16, what is -c - 53?
-5f
In base 2, what is -100 + -11001?
-11101
In base 5, what is -23 - 124?
-202
In base 8, what is -35 + 1004?
747
In base 6, what is 41 - 10?
31
In base 8, what is -6 + -1016?
-1024
In base 11, what is -616 + 5?
-611
In base 3, what is 202 - -1002002?
1002211
In base 15, what is -18 + 1a?
2
In base 3, what is 1222212 + 122?
2000111
In base 6, what is -13320 + 14?
-133